common divisor of 6797760 and 15552.
192
Calculate the highest common factor of 30243 and 3808.
17
Calculate the highest common divisor of 1750 and 29382625.
125
What is the greatest common divisor of 595023 and 82137?
627
What is the highest common factor of 130710 and 15360?
30
What is the highest common divisor of 174 and 1181856?
6
What is the highest common factor of 21984 and 1188336?
48
What is the highest common divisor of 108 and 12105576?
36
Calculate the highest common divisor of 2320 and 87440.
80
What is the greatest common factor of 25286 and 557906?
538
Calculate the highest common divisor of 211102 and 230454.
118
Calculate the highest common divisor of 9705 and 49712245.
3235
What is the greatest common divisor of 13794 and 465614?
38
Calculate the highest common factor of 88 and 23169740.
44
What is the highest common factor of 17 and 12132135?
17
Calculate the greatest common divisor of 39015 and 340255.
85
Calculate the greatest common divisor of 10356369 and 9318912.
18201
Calculate the highest common divisor of 3580 and 944164140.
3580
Calculate the greatest common factor of 623 and 136549.
7
Calculate the highest common divisor of 3619062 and 2448.
306
What is the highest common divisor of 5512001 and 4060?
29
What is the greatest common divisor of 112935 and 8265?
15
Calculate the greatest common divisor of 1312 and 1203934496.
1312
What is the highest common divisor of 58561981 and 1942?
971
What is the highest common divisor of 17539596 and 9?
9
What is the highest common factor of 3548376 and 708?
12
Calculate the highest common factor of 320 and 183271232.
64
Calculate the highest common factor of 24080697 and 9.
9
Calculate the highest common divisor of 242649826 and 122.
122
Calculate the highest common factor of 387 and 1315578.
3
Calculate the greatest common divisor of 1408 and 870544.
16
What is the greatest common divisor of 3274842 and 4?
2
Calculate the highest common factor of 20413804 and 119.
17
Calculate the highest common divisor of 143902 and 3379.
31
What is the highest common factor of 56 and 32080468?
28
Calculate the greatest common divisor of 280 and 46868045.
35
Calculate the highest common factor of 833 and 275366.
119
Calculate the greatest common divisor of 9 and 734680953.
9
What is the highest common divisor of 8723673 and 18?
9
What is the highest common divisor of 253412566 and 297?
11
Calculate the greatest common factor of 158818 and 15444.
22
What is the greatest common divisor of 4065 and 218760?
15
What is the greatest common divisor of 180 and 2495952?
36
What is the highest common factor of 2325197 and 77?
7
What is the highest common factor of 1003000 and 34810?
590
What is the greatest common factor of 759 and 20485410?
759
Calculate the highest common factor of 9822792 and 56.
56
What is the greatest common divisor of 1425 and 156105?
15
Calculate the greatest common factor of 101742 and 2820879.
1641
Calculate the highest common factor of 748 and 2016744.
68
What is the highest common divisor of 5208 and 283712?
248
What is the greatest common divisor of 1288128 and 8112?
48
What is the greatest common factor of 67832 and 18527588?
556
What is the highest common factor of 146323324 and 43?
43
What is the greatest common divisor of 22 and 410665189?
11
What is the highest common factor of 17 and 294159347?
17
Calculate the greatest common divisor of 26588 and 2435539.
391
What is the greatest common factor of 423542 and 6685?
7
Calculate the greatest common factor of 2903750 and 552874.
4646
Calculate the highest common factor of 3390374 and 1664.
26
Calculate the greatest common factor of 10865 and 1067025.
205
What is the highest common divisor of 430478514 and 3186?
1062
What is the highest common divisor of 1359 and 180759?
3
Calculate the greatest common divisor of 19 and 205689706.
19
Calculate the greatest common factor of 14256 and 31053.
33
Calculate the highest common factor of 3189375 and 1008.
63
Calculate the greatest common divisor of 69919850 and 6475.
175
What is the highest common factor of 6116 and 739480?
556
What is the highest common divisor of 9933 and 144074854?
3311
What is the greatest common divisor of 2409686816 and 32?
32
What is the highest common factor of 371394773 and 563?
563
Calculate the highest common divisor of 2032 and 16928.
16
Calculate the greatest common divisor of 9849 and 36901389.
1407
Calculate the greatest common factor of 1672 and 447205.
11
What is the greatest common divisor of 806 and 5566887?
31
Calculate the greatest common factor of 258244 and 700.
28
Calculate the greatest common divisor of 495 and 97120430.
55
What is the highest common divisor of 66 and 1191993?
33
What is the highest common factor of 290003652 and 113?
113
What is the highest common divisor of 6626680 and 1040?
40
What is the highest common factor of 1776 and 10032846?
222
What is the greatest common factor of 19554370 and 2070?
230
What is the highest common factor of 239133 and 519?
3
Calculate the highest common factor of 37904 and 86656.
16
Calculate the highest common divisor of 87546019 and 737.
737
What is the greatest common divisor of 17499708 and 1116?
36
What is the greatest common factor of 2266 and 164054?
22
Calculate the highest common divisor of 58779 and 377243.
311
What is the highest common factor of 4153 and 39312298?
4153
Calculate the highest common factor of 320 and 14786920.
40
Calculate the highest common divisor of 15288429 and 312.
39
Calculate the greatest common divisor of 1137 and 147550764.
1137
Calculate the greatest common divisor of 2200 and 12611000.
200
What is the greatest common divisor of 46183666 and 2360?
118
Calculate the greatest common divisor of 31902870 and 120.
30
What is the highest common divisor of 6154856 and 40?
8
What is the greatest common factor of 3642 and 107784?
6
Calculate the greatest common divisor of 301969 and 33433.
67
Calculate the greatest common divisor of 3855180 and 1370.
1370
Calculate the greatest common factor of 75 and 483015.
15
What is the highest common divisor of 7668 and 654052?
284
What is the greatest common factor of 1755 and 19210932?
351
What is the highest common divisor of 402 and 232887712?
134
Calculate the highest common divisor of 162813 and 84812.
7
What is the highest common divisor of 317835 and 7665?
105
Calculate the highest common factor of 26939 and 48480404.
2449
What is the highest common divisor of 2209 and 19231554?
2209
What is the greatest common factor of 1383 and 68959607?
461
Calculate the highest common divisor of 13333 and 1877809.
67
Calculate the highest common factor of 3 and 82301001.
3
What is the greatest common factor of 327481 and 2035?
11
What is the highest common divisor of 3864 and 17308788?
1932
Calculate the highest common factor of 3634281 and 25661.
67
Calculate the highest common divisor of 252 and 42425796.
84
Calculate the highest common divisor of 8047872 and 24451.
3493
Calculate the greatest common divisor of 13824140 and 52514.
682
What is the greatest common factor of 58454 and 209?
11
What is the highest common divisor of 5023497366 and 6642?
6642
What is the highest common divisor of 4784 and 3082144?
208
Calculate the highest common factor of 140 and 8531140.
20
What is the greatest common factor of 5711262 and 4962?
4962
What is the highest common factor of 5346 and 24755478?
66
Calculate the greatest common divisor of 96317 and 130733.
239
Calculate the highest common factor of 324241635 and 3495.
3495
What is the highest common factor of 1957605 and 2795?
65
What is the highest common divisor of 8358648 and 14160?
1416
Calculate the greatest common factor of 1622 and 165343436.
1622
Calculate the highest common divisor of 384 and 13528448.
128
What is the greatest common divisor of 255 and 3305667?
51
Calculate the highest common factor of 28095550 and 25.
25
Calculate the greatest common factor of 4795539 and 21.
21
Calculate the highest common factor of 219001 and 7.
1
What is the greatest common divisor of 29442 and 1491?
21
Calculate the highest common divisor of 35310 and 72960.
30
Calculate the greatest common divisor of 7028900 and 28.
4
Calculate the highest common divisor of 21988 and 896724.
92
Calculate t